2 + 11*f - 12. What is a(8)?
12
Let r(z) = 3*z**2 - 14*z + 4. Determine r(3).
-11
Let d(i) = -10*i + 25. Give d(2).
5
Let m(p) = -2*p + 13. Give m(16).
-19
Let r(a) = -3*a**3 + 2*a**2 + 24*a - 47. What is r(2)?
-15
Let i(u) = -u**2 + 4*u + 4. Determine i(-2).
-8
Let m(j) = 11*j**3 - 5*j**2 + 4*j - 1. Give m(1).
9
Let k(n) = n**3 - 12*n**2 - 16*n - 32. Give k(13).
-71
Let c(p) = p - 2. Give c(2).
0
Let l(b) = -35*b - 77. Determine l(-2).
-7
Let v(z) = z + 31. Calculate v(18).
49
Let x(y) = -5*y + 10. What is x(5)?
-15
Let i(k) = -2*k**2 + 49*k + 81. What is i(26)?
3
Let v(w) = w + 10. Calculate v(-4).
6
Let w(f) = 4*f - 2. Calculate w(-10).
-42
Let v(o) = 11*o + 15. Determine v(0).
15
Let a(r) = -34*r**2 + 9*r - 10. What is a(1)?
-35
Let d(x) = -x**2 - 3*x - 12. What is d(-7)?
-40
Let w(d) = -7*d. Calculate w(5).
-35
Let z(y) = -y**3 - 2*y + 7. Calculate z(2).
-5
Let s(o) = -o**3 + 9*o**2 - o - 7. What is s(9)?
-16
Let o(r) = r**3 + 22*r**2 - 6*r - 132. Determine o(-22).
0
Let o(q) = q**3 - 15*q**2 + 43*q - 17. Calculate o(12).
67
Let g(j) = -2*j + 9. Calculate g(6).
-3
Let n(d) = -2*d**2 - 5*d - 2. Determine n(5).
-77
Let b(v) = 2*v**2 - 17*v - 4. Calculate b(9).
5
Let g(b) = b**3 - 13*b**2 + 20*b + 25. Give g(11).
3
Let s(i) = i**2 + 14*i + 7. Calculate s(-12).
-17
Let s(i) = -i - 6. Determine s(-11).
5
Let j(c) = -c**2 - 20*c - 5. Calculate j(-18).
31
Let z(g) = -5*g**3 + g**2 - 2*g + 1. Calculate z(1).
-5
Let t(w) = -w**2 + 6*w - 5. Calculate t(5).
0
Let c(j) = -3*j + 39. Determine c(13).
0
Let k(w) = -w**2 + 32*w - 207. Give k(10).
13
Let w(t) = 16*t - 17. Give w(3).
31
Let h(u) = -u**2 + 2*u. Determine h(0).
0
Let d(t) = 10*t**3 - 1. Calculate d(1).
9
Let k(q) = 2*q**3 + 13*q**2 + 9*q - 7. Give k(-6).
-25
Let k(g) = -g**2 - 12*g - 24. Calculate k(-10).
-4
Let q(r) = -2*r**2 - 8*r + 7. What is q(-4)?
7
Let w(n) = n**3 + 2*n**2 - 2*n - 2. Determine w(-3).
-5
Let r(t) = -4*t**2 + 3*t - 4. Give r(1).
-5
Let k(b) = -3*b + 11. Determine k(-7).
32
Let b(g) = -g**3 - 6*g**2 + 10*g + 3. Calculate b(-7).
-18
Let p(z) = -2*z**2 - 2*z - 4. Give p(-5).
-44
Let g(j) = j**3 - 4*j**2 - 2*j - 2. What is g(4)?
-10
Let g(s) = 3*s**3 + 6. Calculate g(-4).
-186
Let i(a) = -a**3 + 7*a**2 + 3*a - 35. Determine i(7).
-14
Let p(i) = 9*i + 63. Determine p(-10).
-27
Let w(n) = 2*n**3 - 23*n**2 + 7*n + 28. What is w(11)?
-16
Let d(w) = w**2 + 9*w - 13. What is d(-9)?
-13
Let l(g) = 4*g + 146. Determine l(-36).
2
Let s(r) = r**2 - 6*r + 56. Give s(10).
96
Let n(p) = p + 4. Give n(-3).
1
Let k(o) = -7*o - 19. Calculate k(25).
-194
Let w(l) = -129*l. Give w(-1).
129
Let v(p) = -4*p**2 - p + 5. Give v(-2).
-9
Let c(h) = 189*h + 378. What is c(-2)?
0
Let i(f) = -84*f - 4. Determine i(1).
-88
Let z(m) = -m**3 - 36*m**2 + m + 62. Determine z(-36).
26
Let x(b) = -b**2 - 11*b - 16. Give x(-7).
12
Let g(s) = 2*s**2 - 17*s + 8. Determine g(9).
17
Let a(m) = m**3 - 4*m**2 - 5*m + 4. What is a(5)?
4
Let q(x) = -3*x + 14. Give q(4).
2
Let r(z) = z**3 - 6*z**2 - 2*z - 6. What is r(6)?
-18
Let y(z) = -z**3 - z**2 + z - 4. Give y(0).
-4
Let t(m) = -2*m**2 + 7*m + 31. What is t(5)?
16
Let w(u) = -32*u - 269. Determine w(-8).
-13
Let a(d) = -2*d**2 - 53*d - 25. Calculate a(-26).
1
Let c(y) = -17*y - 244. What is c(-15)?
11
Let f(y) = 14*y - 2. Determine f(2).
26
Let q(a) = -2*a**2 - 2*a - 4. Give q(0).
-4
Let i(m) = m**3 + 4*m**2 + 5*m + 9. What is i(-3)?
3
Let n(x) = 5*x**3 + 3. Determine n(-2).
-37
Let b(d) = -5*d + 38. Give b(12).
-22
Let r(u) = 9*u - 15. Determine r(17).
138
Let j(z) = 15*z + 227. What is j(-14)?
17
Let p(u) = 15*u + 19. Determine p(-1).
4
Let m(o) = -64*o - 455. Give m(-7).
-7
Let n(d) = -d**2 - 24*d - 23. Give n(-23).
0
Let g(v) = -v**2 - 10*v + 11. What is g(-11)?
0
Let p(o) = -o**3 - 27*o**2 + o + 33. Calculate p(-27).
6
Let j(u) = 6*u**2 - 46*u + 14. Determine j(7).
-14
Let j(r) = 33*r**2 + 196*r + 5. What is j(-6)?
17
Let n(w) = -30*w + 173. Give n(6).
-7
Let t(a) = -a**3 - 27*a**2 + 38. Determine t(-27).
38
Let r(z) = 11*z - 94. Give r(10).
16
Let m(g) = -7*g**3 - 2*g - 2. What is m(-1)?
7
Let j(b) = b**2 + 9*b - 1. Determine j(-10).
9
Let q(x) = 3*x**3 - 225*x**2 + 4. What is q(75)?
4
Let y(n) = -n**3 + 10*n**2 + 2. What is y(10)?
2
Let y(r) = -2*r**2 + r - 8. Calculate y(3).
-23
Let t(p) = -4*p + 8. What is t(3)?
-4
Let i(g) = -g + 18. Calculate i(17).
1
Let a(s) = -s**3 - s**2 - 4*s - 118. Calculate a(0).
-118
Let n(a) = -72*a + 8. Calculate n(1).
-64
Let n(g) = -2*g - 1. Give n(3).
-7
Let f(s) = s**3 + 19*s**2 - s + 13. Calculate f(-19).
32
Let j(r) = r**3 - 20*r**2 - 23*r + 47. What is j(21)?
5
Let c(u) = u - 4. Calculate c(-10).
-14
Let d(x) = -x**2 + 10*x - 19. What is d(9)?
-10
Let o(b) = 12*b - 288. Determine o(24).
0
Let d(n) = 2*n**2 - 101*n + 58. Calculate d(50).
8
Let f(h) = -8*h - 34. Give f(-7).
22
Let c(q) = -3*q - 118. What is c(-32)?
-22
Let k(g) = -g - 4. Give k(5).
-9
Let n(t) = -148*t - 295. Give n(-2).
1
Let d(o) = 2*o**2 + 2*o + 3. Give d(-2).
7
Let m(q) = -q**3 + 12*q**2 - 36*q - 12. What is m(6)?
-12
Let a(l) = -8*l - 3. Give a(6).
-51
Let w(q) = 2*q**2 + 6*q + 3. Determine w(-4).
11
Let c(r) = -46*r - 3. What is c(-1)?
43
Let m(r) = -3*r + 16. Give m(6).
-2
Let z(p) = -23*p**2 + 7*p - 6. Calculate z(2).
-84
Let g(m) = -15*m**2 + 9. What is g(3)?
-126
Let t(y) = y**3 + 12*y**2 + 14*y + 16. What is t(-11)?
-17
Let s(p) = 5*p**2 - 5*p + 1. Determine s(1).
1
Let x(t) = 9*t - 91. Determine x(9).
-10
Let h(p) = p**2 - p - 3. What is h(4)?
9
Let s(i) = 3*i**2 + 32*i - 32. Give s(-14).
108
Let m(a) = -a + 29. Give m(30).
-1
Let d(x) = -x + 59. What is d(27)?
32
Let u(j) = -j**3 - 11*j**2 + 10*j - 9. Give u(-12).
15
Let k(m) = 2*m**3 + 2*m**2 + 3*m + 7. Determine k(-3).
-38
Let d(v) = -v**3 + 26*v**2 + 28*v - 39. What is d(27)?
-12
Let i(k) = k**3 - k - 3. Determine i(0).
-3
Let j(m) = 7*m**2 + 3*m - 3. Determine j(-4).
97
Let t(b) = -5*b + 9. Give t(5).
-16
Let p(o) = 13*o - 3. Determine p(1).
10
Let q(n) = -n. Determine q(-8).
8
Let r(y) = 13*y - 11. Determine r(5).
54
Let n(b) = b**3 + 25*b**2 - 53*b + 33. Calculate n(-27).
6
Let s(m) = -m**3 + 8*m**2 + 5*m + 3. Calculate s(9).
-33
Let p(l) = -7*l - 11. Give p(-2).
3
Let c(m) = m + 8. Give c(-13).
-5
Let y(j) = -j**3 + 41*j**2 + 40*j + 98. Calculate y(42).
14
Let p(c) = 112*c**3 + c**2 - 3*c - 4. What is p(-1)?
-112
Let a(w) = -w**3 + 3*w - 4. Give a(-3).
14
Let f(r) = 29*r**2 - 1. Calculate f(-1).
28
Let p(t) = t + 41. Give p(-20).
21
Let w(l) = -l**2 + 10*l + 13. What is w(11)?
2
Let j(x) = -15*x + 13. Calculate j(-1).
28
Let o(i) = -4*i - 15. What is o(-6)?
9
Let i(n) = n**3 + 11*n**2 - 10*n + 13. What is i(-12)?
-11
Let j(w) = -w**3 - 2*w**2 - 2*w. What is j(-4)?
40
Let w(h) = h**3 - 8*h**2 + 5*h - 2. Calculate w(3).
-32
Let t(a) = -a - 18. Determine t(-10).
-8
Let j(w) = w**3 + w**2 + 4*w + 12. What is j(-2)?
0
Let b(q) = -q**3 + q**2 - q - 10. What is b(0)?
-10
Let f(x) = 2*x**2 - 13*x + 3. Calculate f(3).
-18
Let m(c) = 5*c**3 - 17*c - 18. What is m(-1)?
-6
Let l(c) = 2*c - 15. Determine l(-11).
-37
Let i(u) = u**2 - u + 1. Calculate i(1).
1
Let r(q) = 12*q - 152. Calculate r(13).
4
Let q(k) = -k**3 - 17*k**2 + 18*k - 1. Determine q(-18).
-1
Let o(n) = -3*n + 12. Determine o(6).
-6
Let i(s) = 3*s**2 - 2*s + 1. What is i(1)?
2
Let i(o) = -9*o - 32. Calculate i(-5).
13
Let v(a) = -3*a**2 - 40*a + 34. Calculate v(-14).
6
Let p(k) = k**3 - 9*k**2 + 4*k - 7. What is p(8)?
-39
Let a(y) = -3*y + 2. Give a(6).
-16
Let d(z) = -z**3 + 15*z**2 - 13*z. Calculate d(14).
14
Let q(o) = -2*o**2 + 3*o + 5. Calculate q(5).
-30
Let r(d) = -d**3 + 2*d**2 - 10*d + 22. Determine r(3).
-17
Let t(l) = 3*l**2 + 10*l + 2. Give t(-2).
-6
Let d(n) = 3*n**2 - 7*n - 4. What is d(-1)?
6
Let w(g) = g**3 + 8*g**2 - 9*g + 5. Determine w(-9).
5
Let s(b) = -b**2 - 22*b - 20. Calculate s(-11).
101
Let y(o) = o**2 + 9*o + 22. What is y(-5)?
2
Let f(h) = -5*h - 21. Calculate f(-5).
4
Let y(f) = f**2 - 8*f + 15. Give y(6).
3
Let x(z) = -z**2 - 25*z + 54. Give x(-27).
0
Let i(v) = v + 11. What is i(9)?
20
Let p(k) = 2*k**2 + 29*k + 15. What is p(-14)?
1
Let y(c) = -10*c**3 - 3*c**2 + 4*c - 1. Give y(2).
-85
Let s(b) = b**3 - 18*b**2 - 20*b - 15. Give s(19).
-34
Let w(o) = -o**2 - 10*o + 2. Give w(-7).
23
Let b(p) = 